{"id":366,"date":"2019-02-15T06:23:49","date_gmt":"2019-02-15T06:23:49","guid":{"rendered":"http:\/\/www.sanandreasregional.org\/?page_id=366"},"modified":"2026-06-13T00:22:54","modified_gmt":"2026-06-13T00:22:54","slug":"individuals-we-serve","status":"publish","type":"page","link":"https:\/\/sanandreasregional.org\/es\/history\/individuals-we-serve\/","title":{"rendered":"Individuos a quienes servimos"},"content":{"rendered":"<p>El Centro Regional de San Andreas proporciona servicios comunitarios y de gesti\u00f3n de casos para residentes de los condados de Santa Clara, Santa Cruz, San Benito y Monterey cuyas discapacidades intelectuales o del desarrollo causan graves limitaciones en su vida diaria. Los servicios del centro regional son un derecho voluntario a trav\u00e9s del <a href=\"https:\/\/www.dds.ca.gov\/transparency\/laws-regulations\/\" target=\"_blank\" rel=\"noopener\">Ley Lanterman de Servicios para Personas con Discapacidades del Desarrollo<\/a>, La Ley Lanterman, pionera en el estado de California en materia de derechos civiles para estas personas, destina centros regionales a atender a personas con discapacidad intelectual u otras afecciones similares, trastorno del espectro autista, par\u00e1lisis cerebral y epilepsia que requieren asistencia para integrarse en su comunidad. Estos centros tambi\u00e9n colaboran con las oficinas de educaci\u00f3n de los condados para administrar y proporcionar servicios de intervenci\u00f3n temprana a ni\u00f1os menores de tres a\u00f1os que presentan o corren el riesgo de sufrir retrasos en el desarrollo.<\/p>\n<p>Las personas (o sus representantes) que crean que pueden ser elegibles para los servicios y que residan en uno de nuestros cuatro condados pueden ponerse en contacto con nosotros. <a href=\"\/es\/contact-us\/\">nuestra oficina m\u00e1s cercana a ellos<\/a> para ver si un <a href=\"\/es\/services\/intake\/\">consumo<\/a> es apropiado.<\/p>","protected":false},"excerpt":{"rendered":"<p>El Centro Regional de San Andreas ofrece servicios comunitarios y de gesti\u00f3n de casos para residentes de los condados de Santa Clara, Santa Cruz, San Benito y Monterey cuyas discapacidades intelectuales o del desarrollo les causan graves limitaciones\u2026<\/p>","protected":false},"author":0,"featured_media":0,"parent":35,"menu_order":0,"comment_status":"closed","ping_status":"closed","template":"","meta":{"_tec_requires_first_save":true,"_EventAllDay":false,"_EventTimezone":"","_EventStartDate":"","_EventEndDate":"","_EventStartDateUTC":"","_EventEndDateUTC":"","_EventShowMap":false,"_EventShowMapLink":false,"_EventURL":"","_EventCost":"","_EventCostDescription":"","_EventCurrencySymbol":"","_EventCurrencyCode":"","_EventCurrencyPosition":"","_EventDateTimeSeparator":"","_EventTimeRangeSeparator":"","_EventOrganizerID":[],"_EventVenueID":[],"_OrganizerEmail":"","_OrganizerPhone":"","_OrganizerWebsite":"","_VenueAddress":"","_VenueCity":"","_VenueCountry":"","_VenueProvince":"","_VenueState":"","_VenueZip":"","_VenuePhone":"","_VenueURL":"","_VenueStateProvince":"","_VenueLat":"","_VenueLng":"","_VenueShowMap":false,"_VenueShowMapLink":false,"_tribe_blocks_recurrence_rules":"","_tribe_blocks_recurrence_description":"","_tribe_blocks_recurrence_exclusions":"","_kad_post_transparent":"","_kad_post_title":"","_kad_post_layout":"","_kad_post_sidebar_id":"","_kad_post_content_style":"","_kad_post_vertical_padding":"","_kad_post_feature":"","_kad_post_feature_position":"","_kad_post_header":false,"_kad_post_footer":false,"_kad_post_classname":"","footnotes":""},"class_list":["post-366","page","type-page","status-publish","hentry"],"yoast_head":"<!-- This site is optimized with the Yoast SEO plugin v27.2 - https:\/\/yoast.com\/product\/yoast-seo-wordpress\/ -->\n<title>Individuals We Serve - San Andreas Regional Center<\/title>\n<meta name=\"robots\" content=\"index, follow, max-snippet:-1, max-image-preview:large, max-video-preview:-1\" \/>\n<link rel=\"canonical\" href=\"https:\/\/sanandreasregional.org\/es\/history\/individuals-we-serve\/\" \/>\n<meta property=\"og:locale\" content=\"es_ES\" \/>\n<meta property=\"og:type\" content=\"article\" \/>\n<meta property=\"og:title\" content=\"Individuals We Serve - San Andreas Regional Center\" \/>\n<meta property=\"og:description\" content=\"San Andreas Regional Center provides case management and community services for residents of Santa Clara, Santa Cruz, San Benito, and Monterey counties whose intellectual or developmental disabilities cause severe impairments...\" \/>\n<meta property=\"og:url\" content=\"https:\/\/sanandreasregional.org\/es\/history\/individuals-we-serve\/\" \/>\n<meta property=\"og:site_name\" content=\"San Andreas Regional Center\" \/>\n<meta property=\"article:modified_time\" content=\"2026-06-13T00:22:54+00:00\" \/>\n<meta name=\"twitter:card\" content=\"summary_large_image\" \/>\n<meta name=\"twitter:label1\" content=\"Est. reading time\" \/>\n\t<meta name=\"twitter:data1\" content=\"1 minute\" \/>\n<script type=\"application\/ld+json\" class=\"yoast-schema-graph\">{\"@context\":\"https:\/\/schema.org\",\"@graph\":[{\"@type\":\"WebPage\",\"@id\":\"https:\/\/sanandreasregional.org\/zh\/history\/individuals-we-serve\/\",\"url\":\"https:\/\/sanandreasregional.org\/zh\/history\/individuals-we-serve\/\",\"name\":\"Individuals We Serve - San Andreas Regional Center\",\"isPartOf\":{\"@id\":\"https:\/\/sanandreasregional.org\/#website\"},\"datePublished\":\"2019-02-15T06:23:49+00:00\",\"dateModified\":\"2026-06-13T00:22:54+00:00\",\"breadcrumb\":{\"@id\":\"https:\/\/sanandreasregional.org\/zh\/history\/individuals-we-serve\/#breadcrumb\"},\"inLanguage\":\"es-ES\",\"potentialAction\":[{\"@type\":\"ReadAction\",\"target\":[\"https:\/\/sanandreasregional.org\/zh\/history\/individuals-we-serve\/\"]}]},{\"@type\":\"BreadcrumbList\",\"@id\":\"https:\/\/sanandreasregional.org\/zh\/history\/individuals-we-serve\/#breadcrumb\",\"itemListElement\":[{\"@type\":\"ListItem\",\"position\":1,\"name\":\"Home\",\"item\":\"https:\/\/sanandreasregional.org\/\"},{\"@type\":\"ListItem\",\"position\":2,\"name\":\"History\",\"item\":\"https:\/\/sanandreasregional.org\/es\/?page_id=35\"},{\"@type\":\"ListItem\",\"position\":3,\"name\":\"Individuals We Serve\"}]},{\"@type\":\"WebSite\",\"@id\":\"https:\/\/sanandreasregional.org\/#website\",\"url\":\"https:\/\/sanandreasregional.org\/\",\"name\":\"San Andreas Regional Center\",\"description\":\"\",\"publisher\":{\"@id\":\"https:\/\/sanandreasregional.org\/#organization\"},\"potentialAction\":[{\"@type\":\"SearchAction\",\"target\":{\"@type\":\"EntryPoint\",\"urlTemplate\":\"https:\/\/sanandreasregional.org\/?s={search_term_string}\"},\"query-input\":{\"@type\":\"PropertyValueSpecification\",\"valueRequired\":true,\"valueName\":\"search_term_string\"}}],\"inLanguage\":\"es-ES\"},{\"@type\":\"Organization\",\"@id\":\"https:\/\/sanandreasregional.org\/#organization\",\"name\":\"San Andreas Regional Center\",\"url\":\"https:\/\/sanandreasregional.org\/\",\"logo\":{\"@type\":\"ImageObject\",\"inLanguage\":\"es-ES\",\"@id\":\"https:\/\/sanandreasregional.org\/#\/schema\/logo\/image\/\",\"url\":\"https:\/\/sanandreasregional.org\/wp-content\/uploads\/2026\/04\/SARC-weblogo-green-1.svg\",\"contentUrl\":\"https:\/\/sanandreasregional.org\/wp-content\/uploads\/2026\/04\/SARC-weblogo-green-1.svg\",\"caption\":\"San Andreas Regional Center\"},\"image\":{\"@id\":\"https:\/\/sanandreasregional.org\/#\/schema\/logo\/image\/\"}}]}<\/script>\n<!-- \/ Yoast SEO plugin. -->","yoast_head_json":{"title":"Personas a las que servimos - Centro Regional de San Andreas","robots":{"index":"index","follow":"follow","max-snippet":"max-snippet:-1","max-image-preview":"max-image-preview:large","max-video-preview":"max-video-preview:-1"},"canonical":"https:\/\/sanandreasregional.org\/es\/history\/individuals-we-serve\/","og_locale":"es_ES","og_type":"article","og_title":"Individuals We Serve - San Andreas Regional Center","og_description":"San Andreas Regional Center provides case management and community services for residents of Santa Clara, Santa Cruz, San Benito, and Monterey counties whose intellectual or developmental disabilities cause severe impairments...","og_url":"https:\/\/sanandreasregional.org\/es\/history\/individuals-we-serve\/","og_site_name":"San Andreas Regional Center","article_modified_time":"2026-06-13T00:22:54+00:00","twitter_card":"summary_large_image","twitter_misc":{"Est. reading time":"1 minute"},"schema":{"@context":"https:\/\/schema.org","@graph":[{"@type":"WebPage","@id":"https:\/\/sanandreasregional.org\/zh\/history\/individuals-we-serve\/","url":"https:\/\/sanandreasregional.org\/zh\/history\/individuals-we-serve\/","name":"Personas a las que servimos - Centro Regional de San Andreas","isPartOf":{"@id":"https:\/\/sanandreasregional.org\/#website"},"datePublished":"2019-02-15T06:23:49+00:00","dateModified":"2026-06-13T00:22:54+00:00","breadcrumb":{"@id":"https:\/\/sanandreasregional.org\/zh\/history\/individuals-we-serve\/#breadcrumb"},"inLanguage":"es-ES","potentialAction":[{"@type":"ReadAction","target":["https:\/\/sanandreasregional.org\/zh\/history\/individuals-we-serve\/"]}]},{"@type":"BreadcrumbList","@id":"https:\/\/sanandreasregional.org\/zh\/history\/individuals-we-serve\/#breadcrumb","itemListElement":[{"@type":"ListItem","position":1,"name":"Home","item":"https:\/\/sanandreasregional.org\/"},{"@type":"ListItem","position":2,"name":"History","item":"https:\/\/sanandreasregional.org\/es\/?page_id=35"},{"@type":"ListItem","position":3,"name":"Individuals We Serve"}]},{"@type":"WebSite","@id":"https:\/\/sanandreasregional.org\/#website","url":"https:\/\/sanandreasregional.org\/","name":"Centro Regional de San Andr\u00e9s","description":"","publisher":{"@id":"https:\/\/sanandreasregional.org\/#organization"},"potentialAction":[{"@type":"SearchAction","target":{"@type":"EntryPoint","urlTemplate":"https:\/\/sanandreasregional.org\/?s={search_term_string}"},"query-input":{"@type":"PropertyValueSpecification","valueRequired":true,"valueName":"search_term_string"}}],"inLanguage":"es-ES"},{"@type":"Organization","@id":"https:\/\/sanandreasregional.org\/#organization","name":"Centro Regional de San Andr\u00e9s","url":"https:\/\/sanandreasregional.org\/","logo":{"@type":"ImageObject","inLanguage":"es-ES","@id":"https:\/\/sanandreasregional.org\/#\/schema\/logo\/image\/","url":"https:\/\/sanandreasregional.org\/wp-content\/uploads\/2026\/04\/SARC-weblogo-green-1.svg","contentUrl":"https:\/\/sanandreasregional.org\/wp-content\/uploads\/2026\/04\/SARC-weblogo-green-1.svg","caption":"San Andreas Regional Center"},"image":{"@id":"https:\/\/sanandreasregional.org\/#\/schema\/logo\/image\/"}}]}},"_links":{"self":[{"href":"https:\/\/sanandreasregional.org\/es\/wp-json\/wp\/v2\/pages\/366","targetHints":{"allow":["GET"]}}],"collection":[{"href":"https:\/\/sanandreasregional.org\/es\/wp-json\/wp\/v2\/pages"}],"about":[{"href":"https:\/\/sanandreasregional.org\/es\/wp-json\/wp\/v2\/types\/page"}],"replies":[{"embeddable":true,"href":"https:\/\/sanandreasregional.org\/es\/wp-json\/wp\/v2\/comments?post=366"}],"version-history":[{"count":0,"href":"https:\/\/sanandreasregional.org\/es\/wp-json\/wp\/v2\/pages\/366\/revisions"}],"up":[{"embeddable":true,"href":"https:\/\/sanandreasregional.org\/es\/wp-json\/wp\/v2\/pages\/35"}],"wp:attachment":[{"href":"https:\/\/sanandreasregional.org\/es\/wp-json\/wp\/v2\/media?parent=366"}],"curies":[{"name":"wp","href":"https:\/\/api.w.org\/{rel}","templated":true}]}}

<p>El Centro Regional de San Andreas proporciona servicios comunitarios y de gestión de casos para residentes de los condados de Santa Clara, Santa Cruz, San Benito y Monterey cuyas discapacidades intelectuales o del desarrollo causan graves limitaciones en su vida diaria. Los servicios del centro regional son un derecho voluntario a través del <a href="https://www.dds.ca.gov/transparency/laws-regulations/" target="_blank" rel="noopener">Ley Lanterman de Servicios para Personas con Discapacidades del Desarrollo</a>, La Ley Lanterman, pionera en el estado de California en materia de derechos civiles para estas personas, destina centros regionales a atender a personas con discapacidad intelectual u otras afecciones similares, trastorno del espectro autista, parálisis cerebral y epilepsia que requieren asistencia para integrarse en su comunidad. Estos centros también colaboran con las oficinas de educación de los condados para administrar y proporcionar servicios de intervención temprana a niños menores de tres años que presentan o corren el riesgo de sufrir retrasos en el desarrollo.</p>
<p>Las personas (o sus representantes) que crean que pueden ser elegibles para los servicios y que residan en uno de nuestros cuatro condados pueden ponerse en contacto con nosotros. <a href="/es/contact-us/">nuestra oficina más cercana a ellos</a> para ver si un <a href="/es/services/intake/">consumo</a> es apropiado.</p>

<p>El Centro Regional de San Andreas ofrece servicios comunitarios y de gestión de casos para residentes de los condados de Santa Clara, Santa Cruz, San Benito y Monterey cuyas discapacidades intelectuales o del desarrollo les causan graves limitaciones…</p>

Centro Regional de San Andrés
